he units digit of s?
0
Let i be (-1066)/338 + (-2)/(-13). Let l(t) = -64*t - 18. What is the tens digit of l(i)?
7
Suppose 8 = 2*g + 2*p, -3*g = -3*p - p + 2. Suppose 3*n + g*c = -c + 240, -3*c - 440 = -5*n. What is the tens digit of n?
8
Let h = -453 + 979. What is the tens digit of h?
2
Let x(g) = g**2 - 8*g - 9. Let j be x(9). Suppose 1240 = -j*n + 4*n. What is the hundreds digit of n?
3
Suppose 6*k - 2*k - n = 25, -2*n - 1 = -k. Suppose -100 = -k*x + 11*x. Let u = -18 - x. What is the units digit of u?
7
Let u(r) = 3*r - 28. Let t be u(10). Let v(j) = 5*j - 3. Let z(h) = -h - 1. Let x(k) = v(k) - 2*z(k). What is the tens digit of x(t)?
1
Let b(p) = 110*p - 496. What is the tens digit of b(15)?
5
Let g(r) be the first derivative of 4*r**3/3 - r**2/2 + r + 4. Let s be g(1). Suppose 14 = 2*j + s. What is the units digit of j?
5
What is the units digit of (-3 - 0)*1135/(-3)?
5
Let l(k) = -304*k + 135. What is the tens digit of l(-3)?
4
Let k be (-7 + 1)/(2/(-1)). Let b(t) be the third derivative of t**6/120 - t**5/60 - t**4/6 + t**3/3 + 5*t**2. What is the units digit of b(k)?
8
Suppose 16*q + q = 544. What is the tens digit of q?
3
Suppose 1044 = 24*y - 20*y. What is the units digit of y?
1
Let z be (4/10)/((-16)/80). What is the units digit of (3 - 5)*(2 + 65/z)?
1
Let c(d) = -9 + 7*d + 3*d - 3*d. Suppose -17 = 2*w - 4*w - 5*f, 0 = -4*w - 2*f + 26. What is the units digit of c(w)?
3
Let k(z) = -3*z**3 + 6*z**2 + 7*z + 6. Let m(f) = -2*f**3 + 7*f**2 + 7*f + 6. Let b(g) = -3*k(g) + 4*m(g). What is the tens digit of b(-8)?
7
Suppose 7*w - 3035 = 192. What is the tens digit of w?
6
Let c = -98 + 1077. What is the units digit of c?
9
Let n(i) = -i**3 - 19*i**2 + 44*i - 24. What is the units digit of n(-24)?
0
Let o = -8 + 12. Suppose 0 = -3*a - 0 - 9, 0 = -y + o*a + 23. What is the units digit of y?
1
Suppose 0 = -6*x + 1864 + 4376. What is the thousands digit of x?
1
Let n be ((-18)/15)/(24/15 + -2). Suppose 4*l + 28 = 8*l - n*v, v = 4*l - 36. What is the units digit of l?
0
Suppose -2*v - 2251 - 1975 = -4*y, -2*y - 2*v + 2122 = 0. What is the units digit of y?
8
Let w be ((-15)/(-20))/(1/32). Let y be -2*-2*1/2. Suppose -w = -y*p - p. What is the units digit of p?
8
Suppose -4*n + 2 + 138 = 0. Let p = 61 - n. What is the tens digit of p?
2
What is the hundreds digit of -5 + 1520 - 10/2?
5
Let q = -101 + 210. Suppose 0 = -110*a + q*a + 177. What is the hundreds digit of a?
1
Suppose 5*d + 2*o - 96 = 0, -2*d - 3*d + o + 102 = 0. Let u be 12/d + 81/15. Suppose -60 = 4*j - u*j. What is the tens digit of j?
3
Suppose 12*m = -3654 + 9378. What is the tens digit of m?
7
Suppose -5*h - r + 5342 = -4*r, 1064 = h - 5*r. What is the thousands digit of h?
1
What is the tens digit of (-5)/(-15) - (5892/(-9) - 0)?
5
Let r(y) = 56*y**2 + 4*y - 5. What is the units digit of r(1)?
5
Let l be (-195)/(-10)*(2 - (-70)/3). Suppose -13*g + l = -0. What is the tens digit of g?
3
Let z(t) = 3*t + 22. Let w be z(-10). Let o = w - -15. Suppose o*b = b + 186. What is the units digit of b?
1
Suppose 10 = -2*l + 26. Suppose 0 = 4*x - l, 0 = 4*p - 3*x - 8 - 178. What is the units digit of p?
8
Let b be (-477)/(-3 + (-3)/(-2)). Let h be b/9 + (-10)/(-15). Let g = -20 + h. What is the tens digit of g?
1
Let p(q) = -24*q**3 + q + 1. Let s be p(-1). Suppose 5*z = z + s. Suppose -o - 160 = -z*o. What is the tens digit of o?
3
Let s(c) = -c**2 - 8*c + 9. Let m be s(-11). Let y = m + 15. Let p = -4 - y. What is the units digit of p?
5
Let i = -118 - -173. Let q = i + -6. What is the tens digit of q?
4
Let v be (3*(-1)/(-6))/((-3)/(-1296)). Suppose c + v = 5*s, -8 - 4 = -3*c. What is the tens digit of s?
4
Let b(k) = -364*k - 48. What is the units digit of b(-12)?
0
Let q = -1736 - -5371. What is the tens digit of q?
3
Suppose 15998 = 26*z - 10938. What is the tens digit of z?
3
Let k = 13 + -11. Let q be (4 + 0)/(k/2). Suppose q*l - 7*l = -36. What is the units digit of l?
2
Suppose -4 = s - 3*s. Suppose -5*o - s*y = -33, -5*y + 5 = -2*o - 5. What is the units digit of o/(-2)*96/(-30)?
8
Let x(k) = 137*k - 634. What is the units digit of x(10)?
6
Let c(r) = 9*r**3 - r**2 - 2*r - 2. Let n be c(-1). Let a(u) = -6*u + 22. What is the units digit of a(n)?
2
Let c = -75 - -193. Let h = 92 - 34. Let y = c - h. What is the units digit of y?
0
Let h = -5409 + 9175. What is the units digit of h?
6
Let a(q) = 144*q**3 - 5*q**2 + 2*q - 8. What is the thousands digit of a(2)?
1
Let y(l) = -5*l + 2*l - 22 + 21 + l**2 + 16. What is the units digit of y(-12)?
5
What is the thousands digit of 1 - (-10)/(-8) - (-16239)/12?
1
Let z(c) = 4*c**2 + 9*c + 27. What is the tens digit of z(-4)?
5
Let x(n) = -n**3 - 10*n**2 - 4*n - 2. Let u be x(-10). Suppose 2*t + u = 3*t. What is the units digit of t?
8
Let y be (14*(-3)/8)/((-21)/84). Let l = 40 - 17. Let h = l - y. What is the units digit of h?
2
Suppose -f = -4, 2*d + 6*f - 4*f = 1882. What is the tens digit of d?
3
Let f = 975 + -705. What is the units digit of f?
0
Suppose 5155 = 4*w - 8717. What is the hundreds digit of w?
4
Let y be 8/(-6)*(-6)/4. Suppose y*i = -p + 29, 3*p = 2*i - 3 - 6. What is the tens digit of i?
1
Let a(r) be the first derivative of 3*r - 1/4*r**4 + r**2 - 1 + 5/3*r**3. What is the tens digit of a(5)?
1
Suppose -77*q + 7768 = 2*m - 81*q, -2*m + 3*q + 7767 = 0. What is the thousands digit of m?
3
Let l(o) = 4*o**2 + 2*o - 5. Let i(q) = -3*q**2 - 2*q + 5. Let h(m) = -3*i(m) - 2*l(m). What is the units digit of h(6)?
3
Suppose -104 = -4*h + 2*h. Suppose -10 = -p + h. What is the tens digit of p?
6
Suppose -7*h - 1628 = -11*h. What is the units digit of h?
7
Let y be ((-5)/(-10))/(1/(-2)). Let i be (-18)/3*(-1)/(-1). What is the units digit of (-7 - i)/(y/12)?
2
Let x(d) = -18*d**3 - 2*d**2 - 2*d - 1. Let j be x(-1). Suppose 4*i = j + 3. Suppose -i*u - 122 = -3*k, 2 = -k + 5*u + 56. What is the units digit of k?
4
Let y(k) = 3*k**2 + 8*k. Let c be y(-9). Suppose v + v - 4*d = 312, v - c = 5*d. What is the units digit of v?
6
Let c = -198 - -279. Let b = c - 9. What is the tens digit of b?
7
Suppose 0 = -3*d - 2*c + 63, 5*d = c + c + 105. Suppose d = 4*n - 5*y - 20, 0 = 4*n + 5*y - 31. Suppose 0 = -3*o + n + 15. What is the units digit of o?
8
Let p be 231 - (-3)/6*8. Suppose 4*a = -a + p. What is the tens digit of a?
4
Let c(w) = w**3 - 6*w**2 + 7. Suppose -f + 6 = -0. Let n be c(f). Suppose -5 = 2*i - n. What is the units digit of i?
1
Suppose -4*y + 0*y = -312. Suppose 2*f - y = -0*f. Let r = -14 + f. What is the tens digit of r?
2
Suppose 2 = h - 6. Suppose h*b = 4*b - 12. What is the tens digit of 28/(-8)*-8 - b?
3
Suppose 2*b = -16*b + 54. Let r(w) = 2*w**3 - 3 + 2*w**2 + 2*w**2 - 3*w**3. What is the units digit of r(b)?
6
Let b(m) = -m**3 + 11*m**2 - 11*m - 13. Suppose 0 = 8*s - 72 - 0. What is the units digit of b(s)?
0
Let p(k) = k**2 - 29*k + 106. What is the hundreds digit of p(29)?
1
Suppose 14 + 1 = 2*i - 3*g, i + 12 = -5*g. Suppose i*z + 50 = 194. Let r = -27 + z. What is the units digit of r?
1
Let g be 3*(-1 + (-50)/6). Let b = -28 + g. Let z = b - -79. What is the units digit of z?
3
Let x = 2360 + 1971. What is the thousands digit of x?
4
What is the units digit of ((-5719)/(-86))/((-1)/(-10))?
5
Let z be 2*(-13)/(-2) - 1. Suppose -4*g - 16 = -a, 5*g - a + z = 2*g. What is the tens digit of -2 + 6 - (-18 - g)?
1
What is the hundreds digit of 1 - 1232/(-4) - (2 - 0)?
3
Let p(q) = -5*q**2 - 6 + q**3 + 4 - 2 + 3*q. What is the units digit of p(5)?
1
Let t(o) = -83*o + 80. What is the tens digit of t(-3)?
2
Let h be (-120)/5*2/12*-2. Let n(l) = l**2 + 6*l - 13. What is the units digit of n(h)?
9
Let h = 22 + -17. Suppose -3*j - h = 2*j. Let v = j + 21. What is the tens digit of v?
2
Let y(l) be the second derivative of l**4/12 - l**3/3 - 3*l**2 + 6*l. Let t be y(4). Suppose t*b - 3*b = -20. What is the units digit of b?
0
Suppose 6*q = 22 + 2726. What is the hundreds digit of q?
4
Suppose -3*t + 3*z + z = -13, -t + 1 = 2*z. Suppose -t*n + 10*n = 35. Let f = 10 - n. What is the units digit of f?
5
Suppose 3*i = 11 + 28. Let b = i + -13. Suppose 2*f = -s - b*s + 16, 3*f - 44 = -4*s. What is the units digit of s?
8
Let v = -1801 - -3252. What is the units digit of v?
1
Let v = -397 - -576. What is the hundreds digi